{"id":143,"date":"2018-06-25T11:31:24","date_gmt":"2018-06-25T09:31:24","guid":{"rendered":"http:\/\/www.boruvkovyraj.cz\/?page_id=143"},"modified":"2024-10-13T19:29:53","modified_gmt":"2024-10-13T17:29:53","slug":"o-farme","status":"publish","type":"page","link":"https:\/\/www.boruvkovyraj.cz\/?page_id=143","title":{"rendered":"O farm\u011b"},"content":{"rendered":"\t\t<div data-elementor-type=\"wp-page\" data-elementor-id=\"143\" class=\"elementor elementor-143\">\n\t\t\t\t\t\t<div class=\"elementor-inner\">\n\t\t\t\t<div class=\"elementor-section-wrap\">\n\t\t\t\t\t\t\t\t\t<section class=\"elementor-section elementor-top-section elementor-element elementor-element-677a6825 elementor-section-boxed elementor-section-height-default elementor-section-height-default elementor-invisible\" data-id=\"677a6825\" data-element_type=\"section\" data-settings=\"{&quot;animation&quot;:&quot;fadeInLeft&quot;}\">\n\t\t\t\t\t\t<div class=\"elementor-container elementor-column-gap-default\">\n\t\t\t\t\t\t\t<div class=\"elementor-row\">\n\t\t\t\t\t<div class=\"elementor-column elementor-col-100 elementor-top-column elementor-element elementor-element-6eefb8cd\" data-id=\"6eefb8cd\" data-element_type=\"column\">\n\t\t\t<div class=\"elementor-column-wrap elementor-element-populated\">\n\t\t\t\t\t\t\t<div class=\"elementor-widget-wrap\">\n\t\t\t\t\t\t<div class=\"elementor-element elementor-element-db36f75 elementor-widget elementor-widget-image\" data-id=\"db36f75\" data-element_type=\"widget\" data-widget_type=\"image.default\">\n\t\t\t\t<div class=\"elementor-widget-container\">\n\t\t\t\t\t\t\t\t<div class=\"elementor-image\">\n\t\t\t\t\t\t\t\t\t\t\t\t<img width=\"700\" height=\"394\" src=\"https:\/\/www.boruvkovyraj.cz\/wp-content\/uploads\/2023\/03\/Foto-farma-1-700x394.jpg\" class=\"attachment-large size-large\" alt=\"Bor\u016fvky\" loading=\"lazy\" srcset=\"https:\/\/www.boruvkovyraj.cz\/wp-content\/uploads\/2023\/03\/Foto-farma-1-700x394.jpg 700w, https:\/\/www.boruvkovyraj.cz\/wp-content\/uploads\/2023\/03\/Foto-farma-1-300x169.jpg 300w, https:\/\/www.boruvkovyraj.cz\/wp-content\/uploads\/2023\/03\/Foto-farma-1-768x432.jpg 768w, https:\/\/www.boruvkovyraj.cz\/wp-content\/uploads\/2023\/03\/Foto-farma-1-1536x864.jpg 1536w, https:\/\/www.boruvkovyraj.cz\/wp-content\/uploads\/2023\/03\/Foto-farma-1-2048x1152.jpg 2048w, https:\/\/www.boruvkovyraj.cz\/wp-content\/uploads\/2023\/03\/Foto-farma-1-800x450.jpg 800w\" sizes=\"(max-width: 700px) 100vw, 700px\" \/>\t\t\t\t\t\t\t\t\t\t\t\t\t\t<\/div>\n\t\t\t\t\t\t<\/div>\n\t\t\t\t<\/div>\n\t\t\t\t<div class=\"elementor-element elementor-element-5fa60460 elementor-invisible elementor-widget elementor-widget-text-editor\" data-id=\"5fa60460\" data-element_type=\"widget\" data-settings=\"{&quot;_animation&quot;:&quot;fadeInLeft&quot;}\" data-widget_type=\"text-editor.default\">\n\t\t\t\t<div class=\"elementor-widget-container\">\n\t\t\t\t\t\t\t\t<div class=\"elementor-text-editor elementor-clearfix\">\n\t\t\t\t<!-- wp:paragraph {\"align\":\"center\"} -->\n<p class=\"has-text-align-center\">Z\u00a0d\u016fvodu ud\u011blat v\u00edce prosp\u011b\u0161n\u00e9ho pro zdrav\u00ed v\u0161ech \u010dlen\u016f rodiny, jsme se p\u0159est\u011bhovali na venkov do jednoho z nej\u010dist\u0161\u00edch m\u00edst ji\u017en\u00edch \u010cech &#8211; do oblasti p\u0159\u00edrodn\u00edho parku \u010cesk\u00e1 Kanada. Zde trvale \u017eijeme a vyu\u017e\u00edv\u00e1me bohatstv\u00ed p\u0159\u00edrody \u2013 slun\u00ed\u010dka, kr\u00e1sn\u00fdch les\u016f, \u010derstv\u00e9ho \u010dist\u00e9ho vzduchu, stud\u00e1nkovou vodu bez jak\u00e9koliv chemie a k\u00a0tomu nav\u00edc i vyp\u011bstovan\u00fdch produkt\u016f, kter\u00e9 v\u00a0t\u00e9to kr\u00e1sn\u00e9 krajin\u011b vyrostou s\u00a0na\u0161\u00ed pomoc\u00ed na mal\u00e9 rodinn\u00e9 farm\u011b. A d\u00edky t\u00e9to na\u0161\u00ed vizi a \u017eivotn\u00edho nasm\u011brov\u00e1n\u00ed, ale hlavn\u011b d\u00edky jejich uskute\u010dn\u011bn\u00ed, se s\u00a0v\u00e1mi m\u016f\u017eeme pod\u011blit i o v\u00fdsledek na\u0161eho celkov\u00e9ho sna\u017een\u00ed &#8211; o n\u00e1mi vyp\u011bstovan\u00e9, ru\u010dn\u011b sesb\u00edran\u00e9 slun\u00ed\u010dkem proh\u0159\u00e1t\u00e9 kanadsk\u00e9 bor\u016fvky. Bor\u016fvky z\u00a0p\u0159\u00edrodn\u00edho parku \u010cesk\u00e1 Kanada jako projekt, jsme zvolili i proto, \u017ee tato oblast je velmi dob\u0159e zn\u00e1m\u00e1 jako m\u00edsto, kde rostou v les\u00edch bor\u016fvky. Ale nezapome\u0148te \u017ee, nejen v les\u00edch&#8230; \ud83d\ude42<\/p>\n<!-- \/wp:paragraph --><!-- wp:paragraph {\"align\":\"center\"} -->\n<p class=\"has-text-align-center\"><strong>Tak nev\u00e1hejte a p\u0159ij\u010fte n\u00e1s nav\u0161t\u00edvit<\/strong><\/p>\n<!-- \/wp:paragraph --><!-- wp:paragraph -->\n<p>\u00a0<\/p>\n<!-- \/wp:paragraph -->\t\t\t\t\t<\/div>\n\t\t\t\t\t\t<\/div>\n\t\t\t\t<\/div>\n\t\t\t\t\t\t<\/div>\n\t\t\t\t\t<\/div>\n\t\t<\/div>\n\t\t\t\t\t\t\t\t<\/div>\n\t\t\t\t\t<\/div>\n\t\t<\/section>\n\t\t\t\t<section class=\"elementor-section elementor-top-section elementor-element elementor-element-be9fd12 elementor-section-boxed elementor-section-height-default elementor-section-height-default\" data-id=\"be9fd12\" data-element_type=\"section\">\n\t\t\t\t\t\t<div class=\"elementor-container elementor-column-gap-default\">\n\t\t\t\t\t\t\t<div class=\"elementor-row\">\n\t\t\t\t\t<div class=\"elementor-column elementor-col-100 elementor-top-column elementor-element elementor-element-9363638\" data-id=\"9363638\" data-element_type=\"column\">\n\t\t\t<div class=\"elementor-column-wrap elementor-element-populated\">\n\t\t\t\t\t\t\t<div class=\"elementor-widget-wrap\">\n\t\t\t\t\t\t<div class=\"elementor-element elementor-element-44bef5e elementor-widget elementor-widget-image\" data-id=\"44bef5e\" data-element_type=\"widget\" data-widget_type=\"image.default\">\n\t\t\t\t<div class=\"elementor-widget-container\">\n\t\t\t\t\t\t\t\t<div class=\"elementor-image\">\n\t\t\t\t\t\t\t\t\t\t\t\t<img width=\"700\" height=\"394\" src=\"https:\/\/www.boruvkovyraj.cz\/wp-content\/uploads\/2024\/10\/Sberacky-boruvek-700x394.jpg\" class=\"attachment-large size-large\" alt=\"\" loading=\"lazy\" srcset=\"https:\/\/www.boruvkovyraj.cz\/wp-content\/uploads\/2024\/10\/Sberacky-boruvek-700x394.jpg 700w, https:\/\/www.boruvkovyraj.cz\/wp-content\/uploads\/2024\/10\/Sberacky-boruvek-300x169.jpg 300w, https:\/\/www.boruvkovyraj.cz\/wp-content\/uploads\/2024\/10\/Sberacky-boruvek-768x432.jpg 768w, https:\/\/www.boruvkovyraj.cz\/wp-content\/uploads\/2024\/10\/Sberacky-boruvek-1536x865.jpg 1536w, https:\/\/www.boruvkovyraj.cz\/wp-content\/uploads\/2024\/10\/Sberacky-boruvek-2048x1153.jpg 2048w, https:\/\/www.boruvkovyraj.cz\/wp-content\/uploads\/2024\/10\/Sberacky-boruvek-800x451.jpg 800w\" sizes=\"(max-width: 700px) 100vw, 700px\" \/>\t\t\t\t\t\t\t\t\t\t\t\t\t\t<\/div>\n\t\t\t\t\t\t<\/div>\n\t\t\t\t<\/div>\n\t\t\t\t\t\t<\/div>\n\t\t\t\t\t<\/div>\n\t\t<\/div>\n\t\t\t\t\t\t\t\t<\/div>\n\t\t\t\t\t<\/div>\n\t\t<\/section>\n\t\t\t\t<section class=\"elementor-section elementor-top-section elementor-element elementor-element-1cd6799 elementor-section-boxed elementor-section-height-default elementor-section-height-default\" data-id=\"1cd6799\" data-element_type=\"section\">\n\t\t\t\t\t\t<div class=\"elementor-container elementor-column-gap-default\">\n\t\t\t\t\t\t\t<div class=\"elementor-row\">\n\t\t\t\t\t<div class=\"elementor-column elementor-col-100 elementor-top-column elementor-element elementor-element-69e556a\" data-id=\"69e556a\" data-element_type=\"column\">\n\t\t\t<div class=\"elementor-column-wrap elementor-element-populated\">\n\t\t\t\t\t\t\t<div class=\"elementor-widget-wrap\">\n\t\t\t\t\t\t<div class=\"elementor-element elementor-element-6175966 elementor-widget elementor-widget-image-gallery\" data-id=\"6175966\" data-element_type=\"widget\" data-widget_type=\"image-gallery.default\">\n\t\t\t\t<div class=\"elementor-widget-container\">\n\t\t\t\t\t<div class=\"elementor-image-gallery\">\n\t\t\t<div id='gallery-1' class='gallery galleryid-143 gallery-columns-4 gallery-size-thumbnail'><figure class='gallery-item'>\n\t\t\t<div class='gallery-icon landscape'>\n\t\t\t\t<a data-elementor-open-lightbox=\"yes\" data-elementor-lightbox-slideshow=\"6175966\" data-elementor-lightbox-title=\"\u00daroda-2\" e-action-hash=\"#elementor-action%3Aaction%3Dlightbox%26settings%3DeyJpZCI6NjcwLCJ1cmwiOiJodHRwczpcL1wvd3d3LmJvcnV2a292eXJhai5jelwvd3AtY29udGVudFwvdXBsb2Fkc1wvMjAyM1wvMDNcL1Vyb2RhLTIuanBnIiwic2xpZGVzaG93IjoiNjE3NTk2NiJ9\" href='https:\/\/www.boruvkovyraj.cz\/wp-content\/uploads\/2023\/03\/Uroda-2.jpg'><img width=\"150\" height=\"150\" src=\"https:\/\/www.boruvkovyraj.cz\/wp-content\/uploads\/2023\/03\/Uroda-2-150x150.jpg\" class=\"attachment-thumbnail size-thumbnail\" alt=\"\" loading=\"lazy\" \/><\/a>\n\t\t\t<\/div><\/figure><figure class='gallery-item'>\n\t\t\t<div class='gallery-icon landscape'>\n\t\t\t\t<a data-elementor-open-lightbox=\"yes\" data-elementor-lightbox-slideshow=\"6175966\" data-elementor-lightbox-title=\"Bor\u016fvky - \u00faroda\" e-action-hash=\"#elementor-action%3Aaction%3Dlightbox%26settings%3DeyJpZCI6NjY5LCJ1cmwiOiJodHRwczpcL1wvd3d3LmJvcnV2a292eXJhai5jelwvd3AtY29udGVudFwvdXBsb2Fkc1wvMjAyM1wvMDNcL1Vyb2RhLmpwZyIsInNsaWRlc2hvdyI6IjYxNzU5NjYifQ%3D%3D\" href='https:\/\/www.boruvkovyraj.cz\/wp-content\/uploads\/2023\/03\/Uroda.jpg'><img width=\"150\" height=\"150\" src=\"https:\/\/www.boruvkovyraj.cz\/wp-content\/uploads\/2023\/03\/Uroda-150x150.jpg\" class=\"attachment-thumbnail size-thumbnail\" alt=\"\" loading=\"lazy\" aria-describedby=\"gallery-1-669\" \/><\/a>\n\t\t\t<\/div>\n\t\t\t\t<figcaption class='wp-caption-text gallery-caption' id='gallery-1-669'>\n\t\t\t\tkanadsk\u00e9 bor\u016fvky &#8211; \u00faroda a prodej\n\t\t\t\t<\/figcaption><\/figure><figure class='gallery-item'>\n\t\t\t<div class='gallery-icon landscape'>\n\t\t\t\t<a data-elementor-open-lightbox=\"yes\" data-elementor-lightbox-slideshow=\"6175966\" data-elementor-lightbox-title=\"Zas\u00ed\u0165ov\u00e1no\" e-action-hash=\"#elementor-action%3Aaction%3Dlightbox%26settings%3DeyJpZCI6MjU0LCJ1cmwiOiJodHRwczpcL1wvd3d3LmJvcnV2a292eXJhai5jelwvd3AtY29udGVudFwvdXBsb2Fkc1wvMjAxOVwvMDdcL1phc1x1MDBlZFx1MDE2NW92XHUwMGUxbm8uanBnIiwic2xpZGVzaG93IjoiNjE3NTk2NiJ9\" href='https:\/\/www.boruvkovyraj.cz\/wp-content\/uploads\/2019\/07\/Zas\u00ed\u0165ov\u00e1no.jpg'><img width=\"150\" height=\"150\" src=\"https:\/\/www.boruvkovyraj.cz\/wp-content\/uploads\/2019\/07\/Zas\u00ed\u0165ov\u00e1no-150x150.jpg\" class=\"attachment-thumbnail size-thumbnail\" alt=\"\" loading=\"lazy\" aria-describedby=\"gallery-1-254\" \/><\/a>\n\t\t\t<\/div>\n\t\t\t\t<figcaption class='wp-caption-text gallery-caption' id='gallery-1-254'>\n\t\t\t\tTak a pt\u00e1ci maj\u00ed sm\u016flu. Bor\u016fvky jim moc chutnaj\u00ed&#8230;\n\t\t\t\t<\/figcaption><\/figure><figure class='gallery-item'>\n\t\t\t<div class='gallery-icon landscape'>\n\t\t\t\t<a data-elementor-open-lightbox=\"yes\" data-elementor-lightbox-slideshow=\"6175966\" data-elementor-lightbox-title=\"Na\u0161e farma - l\u00e9to 2018\" e-action-hash=\"#elementor-action%3Aaction%3Dlightbox%26settings%3DeyJpZCI6MTc1LCJ1cmwiOiJodHRwczpcL1wvd3d3LmJvcnV2a292eXJhai5jelwvd3AtY29udGVudFwvdXBsb2Fkc1wvMjAxOVwvMDVcL0RTQ18wNTcyLWUxNTU3ODEwNDQ4OTEzLmpwZyIsInNsaWRlc2hvdyI6IjYxNzU5NjYifQ%3D%3D\" href='https:\/\/www.boruvkovyraj.cz\/wp-content\/uploads\/2019\/05\/DSC_0572-e1557810448913.jpg'><img width=\"150\" height=\"150\" src=\"https:\/\/www.boruvkovyraj.cz\/wp-content\/uploads\/2019\/05\/DSC_0572-150x150.jpg\" class=\"attachment-thumbnail size-thumbnail\" alt=\"\" loading=\"lazy\" aria-describedby=\"gallery-1-175\" \/><\/a>\n\t\t\t<\/div>\n\t\t\t\t<figcaption class='wp-caption-text gallery-caption' id='gallery-1-175'>\n\t\t\t\tL\u00e9to 2018\n\t\t\t\t<\/figcaption><\/figure><figure class='gallery-item'>\n\t\t\t<div class='gallery-icon landscape'>\n\t\t\t\t<a data-elementor-open-lightbox=\"yes\" data-elementor-lightbox-slideshow=\"6175966\" data-elementor-lightbox-title=\"Na\u0161e bor\u016fvky\" e-action-hash=\"#elementor-action%3Aaction%3Dlightbox%26settings%3DeyJpZCI6MjQwLCJ1cmwiOiJodHRwczpcL1wvd3d3LmJvcnV2a292eXJhai5jelwvd3AtY29udGVudFwvdXBsb2Fkc1wvMjAxOVwvMDZcL0RTQ18wMDI2LWUxNTYwNzk5NDIzNzk5LmpwZyIsInNsaWRlc2hvdyI6IjYxNzU5NjYifQ%3D%3D\" href='https:\/\/www.boruvkovyraj.cz\/wp-content\/uploads\/2019\/06\/DSC_0026-e1560799423799.jpg'><img width=\"150\" height=\"150\" src=\"https:\/\/www.boruvkovyraj.cz\/wp-content\/uploads\/2019\/06\/DSC_0026-150x150.jpg\" class=\"attachment-thumbnail size-thumbnail\" alt=\"\" loading=\"lazy\" \/><\/a>\n\t\t\t<\/div><\/figure><figure class='gallery-item'>\n\t\t\t<div class='gallery-icon landscape'>\n\t\t\t\t<a data-elementor-open-lightbox=\"yes\" data-elementor-lightbox-slideshow=\"6175966\" data-elementor-lightbox-title=\"DSC_0575\" e-action-hash=\"#elementor-action%3Aaction%3Dlightbox%26settings%3DeyJpZCI6MjQxLCJ1cmwiOiJodHRwczpcL1wvd3d3LmJvcnV2a292eXJhai5jelwvd3AtY29udGVudFwvdXBsb2Fkc1wvMjAxOVwvMDZcL0RTQ18wNTc1LWUxNTYwNzk5NDU1OTk2LmpwZyIsInNsaWRlc2hvdyI6IjYxNzU5NjYifQ%3D%3D\" href='https:\/\/www.boruvkovyraj.cz\/wp-content\/uploads\/2019\/06\/DSC_0575-e1560799455996.jpg'><img width=\"150\" height=\"150\" src=\"https:\/\/www.boruvkovyraj.cz\/wp-content\/uploads\/2019\/06\/DSC_0575-150x150.jpg\" class=\"attachment-thumbnail size-thumbnail\" alt=\"\" loading=\"lazy\" \/><\/a>\n\t\t\t<\/div><\/figure><figure class='gallery-item'>\n\t\t\t<div class='gallery-icon portrait'>\n\t\t\t\t<a data-elementor-open-lightbox=\"yes\" data-elementor-lightbox-slideshow=\"6175966\" data-elementor-lightbox-title=\"DSC_0986\" e-action-hash=\"#elementor-action%3Aaction%3Dlightbox%26settings%3DeyJpZCI6MzkzLCJ1cmwiOiJodHRwczpcL1wvd3d3LmJvcnV2a292eXJhai5jelwvd3AtY29udGVudFwvdXBsb2Fkc1wvMjAyMVwvMDRcL0RTQ18wOTg2LmpwZyIsInNsaWRlc2hvdyI6IjYxNzU5NjYifQ%3D%3D\" href='https:\/\/www.boruvkovyraj.cz\/wp-content\/uploads\/2021\/04\/DSC_0986.jpg'><img width=\"150\" height=\"150\" src=\"https:\/\/www.boruvkovyraj.cz\/wp-content\/uploads\/2021\/04\/DSC_0986-150x150.jpg\" class=\"attachment-thumbnail size-thumbnail\" alt=\"\" loading=\"lazy\" \/><\/a>\n\t\t\t<\/div><\/figure><figure class='gallery-item'>\n\t\t\t<div class='gallery-icon landscape'>\n\t\t\t\t<a data-elementor-open-lightbox=\"yes\" data-elementor-lightbox-slideshow=\"6175966\" data-elementor-lightbox-title=\"Krupobit\u00ed-s\u00edt\u011b funguj\u00ed a chr\u00e1n\u00ed\" e-action-hash=\"#elementor-action%3Aaction%3Dlightbox%26settings%3DeyJpZCI6NjcyLCJ1cmwiOiJodHRwczpcL1wvd3d3LmJvcnV2a292eXJhai5jelwvd3AtY29udGVudFwvdXBsb2Fkc1wvMjAyM1wvMDNcL0tydXBvYml0aS1zaXRlLWZ1bmd1amktYS1jaHJhbmkuanBnIiwic2xpZGVzaG93IjoiNjE3NTk2NiJ9\" href='https:\/\/www.boruvkovyraj.cz\/wp-content\/uploads\/2023\/03\/Krupobiti-site-funguji-a-chrani.jpg'><img width=\"150\" height=\"150\" src=\"https:\/\/www.boruvkovyraj.cz\/wp-content\/uploads\/2023\/03\/Krupobiti-site-funguji-a-chrani-150x150.jpg\" class=\"attachment-thumbnail size-thumbnail\" alt=\"Ochrann\u00e9 s\u00edt\u011b\" loading=\"lazy\" aria-describedby=\"gallery-1-672\" \/><\/a>\n\t\t\t<\/div>\n\t\t\t\t<figcaption class='wp-caption-text gallery-caption' id='gallery-1-672'>\n\t\t\t\tOchrann\u00e9 s\u00edt\u011b a krupobit\u00ed\n\t\t\t\t<\/figcaption><\/figure><figure class='gallery-item'>\n\t\t\t<div class='gallery-icon landscape'>\n\t\t\t\t<a data-elementor-open-lightbox=\"yes\" data-elementor-lightbox-slideshow=\"6175966\" data-elementor-lightbox-title=\"Bor\u016fvkov\u00fd r\u00e1j\" e-action-hash=\"#elementor-action%3Aaction%3Dlightbox%26settings%3DeyJpZCI6Mzk1LCJ1cmwiOiJodHRwczpcL1wvd3d3LmJvcnV2a292eXJhai5jelwvd3AtY29udGVudFwvdXBsb2Fkc1wvMjAyMVwvMDRcL0RTQ18xNTU4LmpwZyIsInNsaWRlc2hvdyI6IjYxNzU5NjYifQ%3D%3D\" href='https:\/\/www.boruvkovyraj.cz\/wp-content\/uploads\/2021\/04\/DSC_1558.jpg'><img width=\"150\" height=\"150\" src=\"https:\/\/www.boruvkovyraj.cz\/wp-content\/uploads\/2021\/04\/DSC_1558-150x150.jpg\" class=\"attachment-thumbnail size-thumbnail\" alt=\"P\u0159\u00edprava zas\u00ed\u0165ov\u00e1n\u00ed\" loading=\"lazy\" aria-describedby=\"gallery-1-395\" \/><\/a>\n\t\t\t<\/div>\n\t\t\t\t<figcaption class='wp-caption-text gallery-caption' id='gallery-1-395'>\n\t\t\t\tP\u0159\u00edprava p\u0159ed v\u00fdsadbou\n\t\t\t\t<\/figcaption><\/figure><figure class='gallery-item'>\n\t\t\t<div class='gallery-icon landscape'>\n\t\t\t\t<a data-elementor-open-lightbox=\"yes\" data-elementor-lightbox-slideshow=\"6175966\" data-elementor-lightbox-title=\"Bor\u016fvkov\u00e1 plant\u00e1\u017e - l\u00e9to 2018\" e-action-hash=\"#elementor-action%3Aaction%3Dlightbox%26settings%3DeyJpZCI6MTc2LCJ1cmwiOiJodHRwczpcL1wvd3d3LmJvcnV2a292eXJhai5jelwvd3AtY29udGVudFwvdXBsb2Fkc1wvMjAxOVwvMDVcL0RTQ18wNTg0LmpwZyIsInNsaWRlc2hvdyI6IjYxNzU5NjYifQ%3D%3D\" href='https:\/\/www.boruvkovyraj.cz\/wp-content\/uploads\/2019\/05\/DSC_0584.jpg'><img width=\"150\" height=\"150\" src=\"https:\/\/www.boruvkovyraj.cz\/wp-content\/uploads\/2019\/05\/DSC_0584-150x150.jpg\" class=\"attachment-thumbnail size-thumbnail\" alt=\"\" loading=\"lazy\" aria-describedby=\"gallery-1-176\" \/><\/a>\n\t\t\t<\/div>\n\t\t\t\t<figcaption class='wp-caption-text gallery-caption' id='gallery-1-176'>\n\t\t\t\tL\u00e9to 2018\n\t\t\t\t<\/figcaption><\/figure><figure class='gallery-item'>\n\t\t\t<div class='gallery-icon landscape'>\n\t\t\t\t<a data-elementor-open-lightbox=\"yes\" data-elementor-lightbox-slideshow=\"6175966\" data-elementor-lightbox-title=\"Zima na bor\u016fvkov\u00e9 farm\u011b 2017\" e-action-hash=\"#elementor-action%3Aaction%3Dlightbox%26settings%3DeyJpZCI6MTYyLCJ1cmwiOiJodHRwczpcL1wvd3d3LmJvcnV2a292eXJhai5jelwvd3AtY29udGVudFwvdXBsb2Fkc1wvMjAxOFwvMDZcL0RTQ18wMjQ2LmpwZyIsInNsaWRlc2hvdyI6IjYxNzU5NjYifQ%3D%3D\" href='https:\/\/www.boruvkovyraj.cz\/wp-content\/uploads\/2018\/06\/DSC_0246.jpg'><img width=\"150\" height=\"150\" src=\"https:\/\/www.boruvkovyraj.cz\/wp-content\/uploads\/2018\/06\/DSC_0246-150x150.jpg\" class=\"attachment-thumbnail size-thumbnail\" alt=\"\" loading=\"lazy\" aria-describedby=\"gallery-1-162\" \/><\/a>\n\t\t\t<\/div>\n\t\t\t\t<figcaption class='wp-caption-text gallery-caption' id='gallery-1-162'>\n\t\t\t\tZima na bor\u016fvkov\u00e9 farm\u011b 2017\n\t\t\t\t<\/figcaption><\/figure><figure class='gallery-item'>\n\t\t\t<div class='gallery-icon landscape'>\n\t\t\t\t<a data-elementor-open-lightbox=\"yes\" data-elementor-lightbox-slideshow=\"6175966\" data-elementor-lightbox-title=\"Zima na bor\u016fvkov\u00e9 farm\u011b 2017\" e-action-hash=\"#elementor-action%3Aaction%3Dlightbox%26settings%3DeyJpZCI6MTYxLCJ1cmwiOiJodHRwczpcL1wvd3d3LmJvcnV2a292eXJhai5jelwvd3AtY29udGVudFwvdXBsb2Fkc1wvMjAxOFwvMDZcL0RTQ18wMjQ1LmpwZyIsInNsaWRlc2hvdyI6IjYxNzU5NjYifQ%3D%3D\" href='https:\/\/www.boruvkovyraj.cz\/wp-content\/uploads\/2018\/06\/DSC_0245.jpg'><img width=\"150\" height=\"150\" src=\"https:\/\/www.boruvkovyraj.cz\/wp-content\/uploads\/2018\/06\/DSC_0245-150x150.jpg\" class=\"attachment-thumbnail size-thumbnail\" alt=\"\" loading=\"lazy\" aria-describedby=\"gallery-1-161\" \/><\/a>\n\t\t\t<\/div>\n\t\t\t\t<figcaption class='wp-caption-text gallery-caption' id='gallery-1-161'>\n\t\t\t\tZima na bor\u016fvkov\u00e9 farm\u011b 2017\n\t\t\t\t<\/figcaption><\/figure>\n\t\t<\/div>\n\t\t<\/div>\n\t\t\t\t<\/div>\n\t\t\t\t<\/div>\n\t\t\t\t\t\t<\/div>\n\t\t\t\t\t<\/div>\n\t\t<\/div>\n\t\t\t\t\t\t\t\t<\/div>\n\t\t\t\t\t<\/div>\n\t\t<\/section>\n\t\t\t\t\t\t\t\t\t<\/div>\n\t\t\t<\/div>\n\t\t\t\t\t<\/div>\n\t\t","protected":false},"excerpt":{"rendered":"<p>Z\u00a0d\u016fvodu ud\u011blat v\u00edce prosp\u011b\u0161n\u00e9ho pro zdrav\u00ed v\u0161ech \u010dlen\u016f rodiny, jsme se p\u0159est\u011bhovali na venkov do jednoho z nej\u010dist\u0161\u00edch m\u00edst ji\u017en\u00edch \u010cech &#8211; do oblasti p\u0159\u00edrodn\u00edho parku \u010cesk\u00e1 Kanada. Zde trvale \u017eijeme a vyu\u017e\u00edv\u00e1me bohatstv\u00ed p\u0159\u00edrody \u2013 slun\u00ed\u010dka, kr\u00e1sn\u00fdch les\u016f, \u010derstv\u00e9ho \u010dist\u00e9ho vzduchu, stud\u00e1nkovou vodu bez jak\u00e9koliv chemie a k\u00a0tomu nav\u00edc i vyp\u011bstovan\u00fdch produkt\u016f, kter\u00e9 v\u00a0t\u00e9to&#8230;<\/p>\n","protected":false},"author":1,"featured_media":0,"parent":0,"menu_order":0,"comment_status":"closed","ping_status":"closed","template":"","meta":[],"_links":{"self":[{"href":"https:\/\/www.boruvkovyraj.cz\/index.php?rest_route=\/wp\/v2\/pages\/143"}],"collection":[{"href":"https:\/\/www.boruvkovyraj.cz\/index.php?rest_route=\/wp\/v2\/pages"}],"about":[{"href":"https:\/\/www.boruvkovyraj.cz\/index.php?rest_route=\/wp\/v2\/types\/page"}],"author":[{"embeddable":true,"href":"https:\/\/www.boruvkovyraj.cz\/index.php?rest_route=\/wp\/v2\/users\/1"}],"replies":[{"embeddable":true,"href":"https:\/\/www.boruvkovyraj.cz\/index.php?rest_route=%2Fwp%2Fv2%2Fcomments&post=143"}],"version-history":[{"count":27,"href":"https:\/\/www.boruvkovyraj.cz\/index.php?rest_route=\/wp\/v2\/pages\/143\/revisions"}],"predecessor-version":[{"id":967,"href":"https:\/\/www.boruvkovyraj.cz\/index.php?rest_route=\/wp\/v2\/pages\/143\/revisions\/967"}],"wp:attachment":[{"href":"https:\/\/www.boruvkovyraj.cz\/index.php?rest_route=%2Fwp%2Fv2%2Fmedia&parent=143"}],"curies":[{"name":"wp","href":"https:\/\/api.w.org\/{rel}","templated":true}]}}