{"id":183,"date":"2019-05-14T07:30:39","date_gmt":"2019-05-14T05:30:39","guid":{"rendered":"http:\/\/www.boruvkovyraj.cz\/?page_id=183"},"modified":"2024-03-23T13:00:10","modified_gmt":"2024-03-23T12:00:10","slug":"pestovani-boruvek","status":"publish","type":"page","link":"https:\/\/www.boruvkovyraj.cz\/?page_id=183","title":{"rendered":"P\u011bstov\u00e1n\u00ed bor\u016fvek"},"content":{"rendered":"\t\t<div data-elementor-type=\"wp-page\" data-elementor-id=\"183\" class=\"elementor elementor-183\">\n\t\t\t\t\t\t<div class=\"elementor-inner\">\n\t\t\t\t<div class=\"elementor-section-wrap\">\n\t\t\t\t\t\t\t\t\t<section class=\"elementor-section elementor-top-section elementor-element elementor-element-1373720c elementor-section-boxed elementor-section-height-default elementor-section-height-default\" data-id=\"1373720c\" data-element_type=\"section\">\n\t\t\t\t\t\t<div class=\"elementor-container elementor-column-gap-default\">\n\t\t\t\t\t\t\t<div class=\"elementor-row\">\n\t\t\t\t\t<div class=\"elementor-column elementor-col-100 elementor-top-column elementor-element elementor-element-5c1c2f79\" data-id=\"5c1c2f79\" data-element_type=\"column\">\n\t\t\t<div class=\"elementor-column-wrap elementor-element-populated\">\n\t\t\t\t\t\t\t<div class=\"elementor-widget-wrap\">\n\t\t\t\t\t\t<div class=\"elementor-element elementor-element-42604329 elementor-widget elementor-widget-text-editor\" data-id=\"42604329\" data-element_type=\"widget\" data-widget_type=\"text-editor.default\">\n\t\t\t\t<div class=\"elementor-widget-container\">\n\t\t\t\t\t\t\t\t<div class=\"elementor-text-editor elementor-clearfix\">\n\t\t\t\t<p><span style=\"color: #800080;\"><strong>Kde se bude bor\u016fvk\u00e1m l\u00edbit\u2026<\/strong><\/span><\/p><p>Pro bor\u016fvky vyb\u00edrejte m\u00edsto slunn\u00e9, nebo jen s\u00a0m\u00edrn\u00fdm polost\u00ednem (v pr\u016fb\u011bhu dne). Bez dostatku slune\u010dn\u00edho z\u00e1\u0159en\u00ed bor\u016fvky m\u00e9n\u011b plod\u00ed a plody jsou tak\u00e9 m\u00e9n\u011b chutn\u00e9. Rostliny maj\u00ed tak\u00e9 r\u00e1dy vy\u0161\u0161\u00ed vlhkost vzduchu (proto se jim ve vy\u0161\u0161\u00edch poloh\u00e1ch l\u00e9pe da\u0159\u00ed) Bor\u016fvky lze p\u011bstovat a\u017e do v\u00fd\u0161ek cca 1000 metr\u016f nad mo\u0159em (pouze v\u0161ak ran\u011bj\u0161\u00ed odr\u016fdy). O bor\u016fvky nem\u011bjte obavy, vydr\u017e\u00ed opravdu velk\u00e9 mrazy. N\u011bkter\u00e9 druhy a\u017e k -40 stup\u0148\u016fm&#8230;<\/p><p><span style=\"color: #800080;\"><strong>Jak bor\u016fvky vysadit spr\u00e1vn\u011b\u2026<\/strong><\/span><\/p><p>Bor\u016fvk\u00e1m se nejl\u00e9pe da\u0159\u00ed\u00a0<strong>v kysel\u00e9 p\u016fd\u011b<\/strong> \u2013 tedy pouze v ra\u0161elin\u011b, (nejl\u00e9pe v tzv. &#8222;b\u00edl\u00e9 baltsk\u00e9&#8220; ra\u0161elin\u011b &#8211; d\u00e1 se u n\u00e1s na farm\u011b zakoupit). Ra\u0161elina m\u00e1 pH od 3,5 a\u017e 4,5 (kyselost p\u016fdy) a to je ide\u00e1ln\u00ed pro kyselomiln\u00e9 rostliny (nejen pro bor\u016fvky, ale nap\u0159. brusinky, rododendrony, azalky atd). Lesn\u00ed hrabanku, kterou doporu\u010duj\u00ed r\u016fzn\u00ed prodejci rozhodn\u011b nedoporu\u010duji j\u00e1. Nem\u00e1 takovou kyselost a p\u0159inesete si s n\u00ed k bor\u016fvk\u00e1m i mnoho \u0161k\u016fdc\u016f, kte\u0159\u00ed v hrabance \u017eij\u00ed. B\u011b\u017en\u00e1 zemina v zahrad\u011b (by\u0165 nam\u00edchan\u00e1 s ra\u0161elinou)\u00a0 bor\u016fvk\u00e1m v\u016fbec nevyhovuje. Jejich r\u016fst se zastavuje, bor\u016fvka neprosp\u00edv\u00e1, ko\u0159enov\u00fd syst\u00e9m se nevyv\u00edj\u00ed.<\/p><p>Bor\u016fvky na sv\u00e9m stanovi\u0161ti vydr\u017e\u00ed 30 a v\u00edce let (\u017eivotnost ke\u0159e se pohybuje od 20 a\u017e po 60 let v\u00a0z\u00e1vislosti na p\u00e9\u010di), a po celou dobu bude bor\u016fvka n\u00e1ro\u010dn\u00e1 na zaji\u0161t\u011bn\u00ed dostate\u010dn\u00e9 kyselosti a v\u00fd\u017eivy p\u016fdy v oblasti ko\u0159en\u016f.<\/p><ul><li><strong>\u0161\u00ed\u0159ka v\u00fdkopu pro v\u00fdsadbu<\/strong> by m\u011bla b\u00fdt\u00a0<strong>minim\u00e1ln\u011b 80 cm nebo v\u00edce<\/strong><\/li><li><strong>hloubka\u00a0<\/strong>j\u00e1my sta\u010d\u00ed<strong>\u00a0kolem 40 cm <\/strong>(bor\u016fvky maj\u00ed m\u011blk\u00fd ko\u0159enov\u00fd syst\u00e9m)<\/li><li>p\u0159ipravenou j\u00e1mu<strong> po st\u011bn\u00e1ch vylo\u017ete <\/strong>nejl\u00e9pe tkanou nebo netkanou textili\u00ed (mul\u010dovac\u00ed f\u00f3lie), aby se ra\u0161elina nem\u00edchala se zeminou (potom stoup\u00e1 pH p\u016fdy a to je ne\u017e\u00e1douc\u00ed). Na dno d\u00e1vat nic nemus\u00edte.<\/li><li>nasypte <strong>\u010distou ra\u0161elinu<\/strong> (pouze ra\u0161elinu, nic nep\u0159im\u00edch\u00e1vejte)<\/li><li>ra\u0161elinu p\u0159ed v\u00fdsadbou<strong> \u0159\u00e1dn\u011b provlh\u010dete !!!<\/strong><\/li><li>zam\u00edchejte do ra\u0161eliny <strong>hnojivo vhodn\u00e9 pro bor\u016fvky<\/strong> (pozor na hnojiva s\u00a0obsahem v\u00e1pn\u00edku Ca, \u010di chloru Cl, bor\u016fvky tyto l\u00e1tky nesn\u00e1\u0161ej\u00ed). Dobr\u00e9 jsou hnojiva od Forestiny, nebo Agro. Kdo chce opravdovou kvalitu a\u0165 si se\u017eene hnojiva na bor\u016fvky od Osmocote\u2026<\/li><li>sazenici vyjm\u011bte z\u00a0kv\u011btin\u00e1\u010de a m\u00edrn\u011b prsty rozru\u0161te ko\u0159enov\u00fd bal. Rostlin\u011b t\u00edm pom\u016f\u017eete k\u00a0lep\u0161\u00edmu zako\u0159en\u011bn\u00ed<\/li><li>zasa\u010fte opatrn\u011b rostlinu<\/li><li>pokud s\u00e1z\u00edte v\u00edce bor\u016fvek, rozestup nechte min. 80 cm a v\u00edce<\/li><li>samostatn\u011b rostouc\u00ed rostlina p\u0159inese obvykle \u00farodu, ale p\u0159\u00edtomnost dal\u0161\u00edch odr\u016fd v bl\u00edzkosti znamen\u00e1 vy\u0161\u0161\u00ed \u00farodu, v\u011bt\u0161\u00ed plody a dokonce i vy\u0161\u0161\u00ed obsah n\u011bkter\u00fdch u\u017eite\u010dn\u00fdch l\u00e1tek v plodech<\/li><\/ul><p><span style=\"color: #800080;\"><strong>Z\u00e1livka a v\u00fd\u017eiva\u2026<\/strong><\/span><\/p><p>Bor\u016fvk\u00e1m mus\u00edme zajistit\u00a0<strong>kysel\u00e9 prost\u0159ed\u00ed cel\u00fd rok<\/strong>\u00a0a tedy i hnojen\u00ed a v\u00fd\u017eiva mus\u00ed b\u00fdt ur\u010dena kyselomiln\u00fdm rostlin\u00e1m. Vyhnojili jsme j\u00e1mu p\u0159ed v\u00fdsadbou, ale t\u00edm to nekon\u010d\u00ed. B\u011bhem vegetace i nad\u00e1le dop\u0159\u00e1v\u00e1me rostlin\u00e1m bohatou v\u00fd\u017eivu.<\/p><ul><li>bor\u016fvky pot\u0159ebuj\u00ed pom\u011brn\u011b dost vody. V dob\u011b dozr\u00e1v\u00e1n\u00ed plod\u016f a dosp\u011bl\u00e9ho ke\u0159e (1,5 a\u017e 2 metry v\u00fd\u0161ky) to m\u016f\u017ee b\u00fdt 5 a\u017e 10 litr\u016f vody na z\u00e1livku.<\/li><li>op\u011bt je lep\u0161\u00ed v hork\u00fdch letn\u00edch dnech z\u00e1livku rozd\u011blit na dv\u011b \u010d\u00e1sti \u2013 r\u00e1no a ve\u010der<\/li><li>hnojit je m\u016f\u017eeme jen\u00a0<strong>kysel\u00fdmi hnojivy bez obsahu chloru\u00a0<\/strong>(s\u00edranov\u00e9 formy draseln\u00fdch a dus\u00edkat\u00fdch hnojiv, superfosf\u00e1ty) v\u00fdrobci nab\u00edzej\u00ed speci\u00e1ln\u00ed hnojiva na bor\u016fvky<\/li><li>tekut\u00e1 hnojiva jsou lep\u0161\u00ed ne\u017e hnojiva pevn\u00e1 do substr\u00e1t\u016f (t\u00edm mysl\u00edm hnojiva, kter\u00e1 se rozm\u00edchaj\u00ed do vody)<\/li><li>p\u0159i hnojen\u00ed z\u00e1livkou je nejl\u00e9pe d\u00e1vku hnojiva rozd\u011blit na men\u0161\u00ed koncentr\u00e1t v\u00edcekr\u00e1t t\u00fddn\u011b (p\u0159\u00edklad: pokud v\u00fdrobce doporu\u010duje p\u0159ihnojen\u00ed 1 x t\u00fddn\u011b 10 g hnojiva na 10 litr\u016f vody, l\u00e9pe je p\u0159ihnojit dvakr\u00e1t t\u00fddn\u011b 5 g do 10 l vody\u2026)<\/li><li>p\u0159es zimu se o bor\u016fvky nemus\u00edte t\u00e9m\u011b\u0159 starat. Pouze pohl\u00eddejte v p\u0159\u00edpad\u011b such\u00e9 mraziv\u00e9 zimy, aby substr\u00e1t \u00fapln\u011b nevyschnul. V takov\u00e9m p\u0159\u00edpad\u011b such\u00e9 mraziv\u00e9 zimy n\u011bkolikr\u00e1t rostlinu zalijte.<\/li><\/ul><p><span style=\"color: #800080;\"><strong>P\u00e9\u010de o bor\u016fvkov\u00e9 ke\u0159e\u2026<\/strong><\/span><\/p><ul><li>kanadsk\u00e9 bor\u016fvky maj\u00ed ko\u0159eny jemn\u00e9 a povrchov\u00e9. Okop\u00e1v\u00e1n\u00ed (nato\u017e obr\u00fdv\u00e1n\u00ed) tedy prakticky ned\u011bl\u00e1me; omez\u00edme se na opatrn\u00e9 plet\u00ed. Vhodn\u00e9 je nast\u00fdl\u00e1n\u00ed drcenou borovou k\u016frou (mul\u010dem). Vrstva mul\u010de by m\u011bla b\u00fdt vy\u0161\u0161\u00ed, alespo\u0148 5 cm.<\/li><li>\u0159ez bor\u016fvek prov\u00e1d\u00edme u ke\u0159\u016f star\u0161\u00edch 5 let. Mlad\u0161\u00ed prost\u0159\u00edh\u00e1v\u00e1me jen z\u0159\u00eddka.<\/li><li>bor\u016fvky se pro\u0159ez\u00e1vaj\u00ed brzy p\u0159ed za\u010d\u00e1tkem jara (\u00fanor-b\u0159ezen), m\u011blo by se zachovat 6 a\u017e 8 hlavn\u00edch v\u00fdhon\u016f. Ostatn\u00ed tenk\u00e9, oschl\u00e9 a nezdrav\u011b vypadaj\u00edc\u00ed v\u00fdhony vyst\u0159\u00edhat.<\/li><li>pravideln\u00fd zmlazovac\u00ed \u0159ez udr\u017euje bor\u016fvky sv\u011b\u017e\u00ed, siln\u00e9 a st\u00e1le plod\u00edc\u00ed.<\/li><li>u n\u00e1s p\u011bstovan\u00e9 kanadsk\u00e9 bor\u016fvky p\u0159\u00edli\u0161 netrp\u00ed \u0161k\u016fdci. M\u016f\u017ee se v\u0161ak st\u00e1t, \u017ee je n\u011bjak\u00fd \u0161k\u016fdce p\u0159eci jen napadne. Pokud to je mo\u017en\u00e9, odstra\u0148te je mechanicky (rukou) bez pou\u017eit\u00ed chemick\u00fdch post\u0159ik\u016f. Pokud je nezbytn\u00e9 post\u0159ik pou\u017e\u00edt, mus\u00edte v\u011bd\u011bt jak\u00fd \u0161k\u016fdce to je a pou\u017e\u00edt odpov\u00eddaj\u00edc\u00ed post\u0159ik v\u00a0p\u0159im\u011b\u0159en\u00e9m mno\u017estv\u00ed. Chra\u0148te sebe i p\u0159\u00edrodu p\u0159ed zbyte\u010dnou chemi\u00ed !!!<\/li><li>spr\u00e1vn\u011b zasazen\u00e1 a zdrav\u00e1 rostlina by m\u011bla m\u00edt ro\u010dn\u00ed p\u0159\u00edr\u016fstky 50 a\u017e 100 cm<\/li><li>bor\u016fvkov\u00e9 ke\u0159e chra\u0148te p\u0159ed zv\u011b\u0159\u00ed (zaj\u00edci, srnky apod.)<\/li><li>pokud m\u00e1te mo\u017enost bor\u016fvky p\u0159i dozr\u00e1v\u00e1n\u00ed plod\u016f ochr\u00e1nit s\u00edt\u011bmi proti ptactvu, ur\u010dit\u011b to ud\u011blejte. Bor\u016fvky toti\u017e chutnaj\u00ed nejen n\u00e1m ale i pt\u00e1k\u016fm!<\/li><\/ul><p><span style=\"color: #800080;\"><strong>Pro\u010d se nep\u011bstuj\u00ed na\u0161e lesn\u00ed bor\u016fvky?<\/strong><\/span><\/p><p>Ur\u010dit\u011b v\u00e1s napadne, pro\u010d se vlastn\u011b nep\u011bstuj\u00ed ty na\u0161e lesn\u00ed bor\u016fvky. <strong>Bor\u016fvka \u010dern\u00e1<\/strong>\u00a0(<em>Vaccinium myrtillus<\/em>) rostouc\u00ed u n\u00e1s v Evrop\u011b je ve sv\u00fdch n\u00e1roc\u00edch na p\u011bstov\u00e1n\u00ed je\u0161t\u011b n\u00e1ro\u010dn\u011bj\u0161\u00ed a vyb\u00edrav\u011bj\u0161\u00ed ne\u017e bor\u016fvka kanadsk\u00e1. Vy\u017eaduje absolutn\u011b a v\u00fdhradn\u011b lesn\u00ed nebo horsk\u00e9 podm\u00ednky s rovnom\u011brnou vlhkost\u00ed a rozlo\u017een\u00fdm slune\u010dn\u00edm svitem. Les si udr\u017euje sv\u00e9 klima, rostlinou a hmyz\u00ed symbi\u00f3zu, jinou teplotu ne\u017e okoln\u00ed krajina. Nasimulovat pro rostliny tyto podm\u00ednky je velmi obt\u00ed\u017en\u00e9 a\u017e t\u00e9m\u011b\u0159 nemo\u017en\u00e9. Jejich p\u011bstov\u00e1n\u00ed by tedy bylo velice n\u00e1kladn\u00e9. Lesn\u00edch bor\u016fvek se sklid\u00ed co do hmotnosti z plochy nesrovnateln\u011b m\u00e9n\u011b ne\u017e kanadsk\u00fdch a jsou podstatn\u011b men\u0161\u00ed. Orienta\u010dn\u011b je zn\u00e1mo, \u017ee 1 litr kanadsk\u00fdch bor\u016fvek obsahuje cca 600 plod\u016f, lesn\u00edch bor\u016fvek cca 1800 plod\u016f\u2026<\/p><p><span style=\"color: #ff0000;\"><strong>Brusinky &#8211; v\u011b\u010dn\u00e9 t\u00e9ma<\/strong><\/span><\/p><ul><li style=\"text-align: left;\">mnoho dotaz\u016f m\u011b chod\u00ed i na t\u00e9ma brusinek, tak\u017ee v\u0161e co je napsan\u00e9 k bor\u016fvk\u00e1m, plat\u00ed i pro brusinky.<\/li><li style=\"text-align: left;\">dokonce je m\u016f\u017eete vysadit mezi bor\u016fvky (cht\u011bj\u00ed stejn\u00e9 podm\u00ednky, kyselost, v\u00fd\u017eivu i zavla\u017eov\u00e1n\u00ed)<\/li><li style=\"text-align: left;\">brusinka vyroste do v\u00fd\u0161ky cca 30 cm, ale m\u016f\u017ee se rozr\u016fst a\u017e do 1 metru \u0161\u00ed\u0159ky. P\u0159i v\u00fdsadb\u011b s t\u00edm po\u010d\u00edtejte.<\/li><li style=\"text-align: left;\">odr\u016fd brusinek nen\u00ed tolik jako bor\u016fvek a nej\u010dast\u011bji se u prodejc\u016f setk\u00e1te s odr\u016fdami &#8222;Koralle&#8220;, &#8222;Red Pearl&#8220;, &#8222;Sanna&#8220;, &#8222;Ruby&#8220;, &#8222;Pilgrim&#8220; a &#8222;Runo Bielawskie&#8220;.<\/li><li style=\"text-align: left;\">V\u00edce info najdete ur\u010dit\u011b na webu.<\/li><\/ul><p><span style=\"color: #800080;\"><strong><u>Popis odr\u016fd kanadsk\u00fdch bor\u016fvek<\/u><\/strong><\/span><br \/>P\u0159edkl\u00e1d\u00e1m popis nejb\u011b\u017en\u011bj\u0161\u00edch odr\u016fd, kter\u00e9 lze zakoupit v\u00a0zahradnictv\u00edch.<\/p><p><span style=\"color: #800080;\"><strong>Rann\u00e9 odr\u016fdy:<\/strong><\/span><\/p><p><strong>Patriot<\/strong>\u00a0\u2013 velmi popul\u00e1rn\u00ed, nejm\u00e9n\u011b n\u00e1ro\u010dn\u00e1 na p\u011bstov\u00e1n\u00ed ze v\u0161ech zn\u00e1m\u00fdch druh\u016f bor\u016fvek. Bor\u016fvka je spolehliv\u00e1 ve v\u00fdnosu. Plody jsou velk\u00e9 &#8211; p\u0159edev\u0161\u00edm prvn\u00ed sb\u011br &#8211; a m\u00e1 v\u00fdte\u010dnou chu\u0165. Tvo\u0159\u00ed ni\u017e\u0161\u00ed ke\u0159 a dob\u0159e sn\u00e1\u0161\u00ed i hor\u0161\u00ed p\u016fdy ne\u017e typicky v\u0159esovi\u0161tn\u00ed \u2013 zvl\u00e1dne i \u010d\u00e1ste\u010dn\u011b j\u00edlovitou ra\u0161elinu.\u00a0Tato bor\u016fvka je v\u00a0hodn\u00e1 i k\u00a0trval\u00e9mu p\u011bstov\u00e1n\u00ed v\u00a0kv\u011btin\u00e1\u010di. V\u00fd\u0161ka ke\u0159e do 1,2 m. Mrazuvzdorn\u00e1 je a\u017e od -35 do -40 \u00b0C.<\/p><p><strong>Duke<\/strong>\u00a0\u2013 vynikaj\u00edc\u00ed rann\u00e1 odr\u016fda, hod\u00edc\u00ed se t\u00e9m\u011b\u0159 do v\u0161ech podm\u00ednek st\u0159edn\u00ed Evropy. Odr\u016fda je velmi v\u00fdnosn\u00e1, jej\u00ed plody jsou ve velk\u00fdch hroznech velk\u00e9 velikosti po celou dobu sb\u011bru. Jejich velikost se podporuje siln\u011bj\u0161\u00edm pro\u0159ezem. Jsou chu\u0165ov\u011b nejlep\u0161\u00ed po \u00fapln\u00e9m dozr\u00e1n\u00ed nebo chladn\u00e9m skladov\u00e1n\u00ed. Rostlina je samospra\u0161n\u00e1. Duke je sp\u00ed\u0161e rozlo\u017eit\u011bj\u0161\u00ed ke\u0159 s velk\u00fdm v\u00fdnosem, v\u00fd\u0161ka ke\u0159e cca 1,8m.<\/p><p><strong>Hortblue Poppins<\/strong>\u00a0\u2013 rann\u00e1, plody ve st\u0159edn\u011b velk\u00fdch hroznech zraj\u00ed ji\u017e od druh\u00e9 poloviny \u010dervna postupn\u011b a\u017e do srpna. Jsou men\u0161\u00ed, podobn\u00e9 lesn\u00edm bor\u016fvk\u00e1m vzhledem i chut\u00ed, jsou pevn\u00e9, sladk\u00e9 a \u0161\u0165avnat\u00e9. Ke\u0159 roste vzp\u0159\u00edmen\u011b, tvo\u0159\u00ed siln\u00e9 v\u011btve a je pom\u011brn\u011b kompaktn\u00ed, tak\u017ee se hod\u00ed i do kontejner\u016f na balkony a terasy. Nepot\u0159ebuje opylova\u010de &#8211; je dostate\u010dn\u011b samospra\u0161n\u00e1. Mrazuvzdorn\u00e1 do cca -29\u00b0C.<\/p><p><strong>Reka<\/strong>\u00a0\u2013 rann\u00e1 odr\u016fda vysoce odoln\u00e1 mraz\u016fm, plody jsou sp\u00ed\u0161e men\u0161\u00ed a chu\u0165ov\u011b nejv\u00edce p\u0159ipom\u00ednaj\u00ed lesn\u00ed bor\u016fvky, dobr\u00fd a pravideln\u00fd v\u00fdnos, siln\u011bj\u0161\u00ed r\u016fst do cca 1,8 m bez pro\u0159ezu, \u0159ez\u00e1n\u00edm se podpo\u0159\u00ed velikost plod\u016f.<\/p><p><strong>Spartan<\/strong>\u00a0\u2013 st\u0159edn\u011b rann\u00e1 odr\u016fda vysoce odoln\u00e1 mraz\u016fm, velk\u00e9 plody v\u00fdrazn\u011b navinul\u00e9, vynikaj\u00edc\u00ed, sladkokysel\u00e9 chuti. Roste bujn\u011b a vzp\u0159\u00edmen\u011b do 2m v\u00fd\u0161ky a plod\u00ed bohat\u011b a spolehliv\u011b ve velk\u00fdch hroznech. Vy\u0161lecht\u011bna u\u017e roku 1936.<\/p><hr \/><p><span style=\"color: #800080;\"><strong>St\u0159edn\u011b rann\u00e9 odr\u016fdy:<\/strong><\/span><\/p><p><strong>Bluecrop<\/strong>\u00a0\u2013 popul\u00e1rn\u00ed, st\u0159edn\u011b rann\u00e1, vysoce produktivn\u00ed odr\u016fda s velk\u00fdmi, chutn\u00fdmi plody odoln\u00fdmi poprask\u00e1n\u00ed. Doporu\u010duje se rostliny pravideln\u011b pro\u0159ez\u00e1vat. Roste siln\u011b do cca 1,8 m.<\/p><p><strong>Bluegold<\/strong>\u00a0\u2013 americk\u00e1 odr\u016fda s mno\u017estv\u00edm vzp\u0159\u00edmen\u00fdch v\u00fdhon\u016f a plodnost\u00ed od poloviny srpna. Plody maj\u00ed st\u0159edn\u00ed velikost a plod\u00ed pravideln\u011b a hojn\u011b, jsou sladk\u00e9 pouze s lehou\u010dkou navinulost\u00ed a lze je dob\u0159e skladovat. Je nen\u00e1ro\u010dn\u00e1, bezprobl\u00e9mov\u00e1 a\u00a0samospra\u0161n\u00e1\u00a0. Roste st\u0159edn\u011b bujn\u011b do cca 1,5 m.<\/p><p><strong>Bluejay<\/strong>\u00a0\u2013 st\u0159edn\u011b rann\u00e1, plody b\u011b\u017en\u00e9 velikosti sp\u00ed\u0161e v jedn\u00e9 etap\u011b, odol\u00e1vaj\u00ed poprask\u00e1n\u00ed, chu\u0165 p\u0159\u00edjemn\u00e1, sladce navinul\u00e1, kulat\u00e9ho tvaru. Roste vzp\u0159\u00edmen\u011b do cca 1,8 m.\u00a0Mrazuvzdornost se uv\u00e1d\u00ed do -30 stup\u0148\u016f.<\/p><p><strong>Blueray<\/strong>\u00a0\u2013 st\u0159edn\u011b rann\u00e1, velmi odoln\u00e1 odr\u016fda i pro chladn\u011bj\u0161\u00ed oblasti, v\u00fdnos je vysok\u00fd a plody jsou pom\u011brn\u011b velk\u00e9, pevn\u00e9, dobr\u00e9 chuti, je l\u00e9pe nechat je dob\u0159e dozr\u00e1t na ke\u0159i. Roste vzp\u0159\u00edmen\u011b do cca 1,7 m.<\/p><p><strong>Blue Suede <\/strong>\u2013 st\u0159edn\u011b siln\u00fd ke\u0159 kter\u00fd dor\u016fst\u00e1 v\u00fd\u0161ky kolem 1 a\u017e 1,5 metru dle \u0159ezu a podm\u00ednek. Je to velmi \u00farodn\u00e1 odr\u016fda, kter\u00e1 se d\u00e1 p\u011bstovat i v\u00a0kontejnerech. Plody jsou velk\u00e9. Jasn\u011b modr\u00e9 pokryt\u00e9 typick\u00fdm bor\u016fvkov\u00fdm oj\u00edn\u011bn\u00edm. Je velmi chutn\u00e1.<\/p><p><strong>Chandler<\/strong>\u00a0\u2013 st\u0159edn\u011b pozdn\u00ed s pravd\u011bpodobn\u011b nejv\u011bt\u0161\u00edmi plody doposud vy\u0161lecht\u011bn\u00fdmi (stav r.2010), jejich\u017e velikost 2 cm v pr\u016fm\u011bru se p\u0159irovn\u00e1v\u00e1 k mal\u00fdm t\u0159e\u0161n\u00edm. Chu\u0165 je vynikaj\u00edc\u00ed, sladk\u00e1, \u0161\u0165avnat\u00e1, slupka pevn\u00e1 a postupn\u00e1 sklize\u0148 od poloviny srpna po dobu a\u017e 6 t\u00fddn\u016f. R\u016fst je st\u0159edn\u011b bujn\u00fd, pravideln\u00fd, sp\u00ed\u0161e rozlo\u017eit\u00fd. Vy\u0161lecht\u011bn\u00e1 v roce 1995 v USA.<\/p><p><strong>Concord<\/strong> \u2013 polorann\u00e1 odr\u016fda, kter\u00e1 dozr\u00e1v\u00e1 na p\u0159elomu \u010dervence a srpna. Plody jsou kulat\u00e9, st\u0159edn\u011b velk\u00e9, modr\u00e9 a \u0161\u0165avnat\u00e9. Zpravidla kvete od kv\u011btna do \u010dervna. Kv\u011bty jsou b\u00edl\u00e9 a\u017e sv\u011btle r\u016f\u017eov\u00e9, m\u00edrn\u011b vo\u0148av\u00e9, podobn\u00e9 konvalink\u00e1m. Odolnost do \u2013 30 stup\u0148\u016f. Takto siln\u00e9 mrazy ale maj\u00ed nep\u0159\u00edzniv\u00fd vliv na n\u00e1sadu plod\u016f v\u00a0n\u00e1sleduj\u00edc\u00edm roce.<\/p><p><strong>Goldtraube 71<\/strong>\u00a0\u2013 st\u0159edn\u011b rann\u00e1 se st\u0159edn\u011b velk\u00fdmi plody na konci \u010dervence v bohat\u00fdch hroznech, jejich chu\u0165 je jemn\u011b v\u00ednov\u011b navinul\u00e1. Nab\u00edz\u00ed dlouh\u00e9 obdob\u00ed sklizn\u011b a spolehlivou ka\u017edoro\u010dn\u00ed \u00farodu. Velmi mrazuvzdorn\u00e1.<\/p><p><strong>Northland<\/strong>\u00a0\u2013 odr\u016fda pro polovinu pr\u00e1zdnin, velmi mrazuvzdorn\u00e1, drobn\u011bj\u0161\u00ed plody pln\u011bj\u0161\u00ed chuti podobn\u00e9 lesn\u00edm bor\u016fvk\u00e1m. Dozr\u00e1v\u00e1 ve 2-3 etap\u00e1ch, podle s\u00edly rostliny a kvality p\u016fdy. Vzp\u0159\u00edmen\u00e1, ale sp\u00ed\u0161e men\u0161\u00edho vzr\u016fstu do cca 1 m v\u00fd\u0161ky.<\/p><p><strong>Sunshine Blue<\/strong>\u00a0&#8211; velmi efektn\u00ed, zakrsl\u00e1, samospra\u0161n\u00e1 odr\u016fda s neopadav\u00fdmi listy a mno\u017estv\u00edm plod\u016f v \u010dervenci a srpnu. Nepot\u0159ebuje opylova\u010de a ke\u0159 z\u016fst\u00e1v\u00e1 kompaktn\u00ed i bez \u0159ezu. Velmi vhodn\u00e1 do kv\u011btin\u00e1\u010d\u016f na terasy a balk\u00f3ny. Dor\u016fst\u00e1 kolem 1m v\u00fd\u0161ky i \u0161\u00ed\u0159ky.<\/p><p><strong>Toro<\/strong> \u2013 st\u0159edn\u011b rann\u00e1, rychle rostouc\u00ed se vzr\u016fstem maxim\u00e1ln\u011b do 1,6 metru. Tvo\u0159\u00ed siln\u00e9 vzp\u0159\u00edmen\u00e9 ke\u0159e s\u00a0n\u00e1padn\u011b velk\u00fdmi listy. Plody jsou velk\u00e9, kulat\u00e9, fialovomodr\u00e9. Aromatick\u00e9 a osv\u011b\u017euj\u00edc\u00ed. Vyzna\u010duje se vysok\u00fdmi v\u00fdnosy.<\/p><hr \/><p><span style=\"color: #800080;\"><strong>Pozdn\u00ed odr\u016fdy<\/strong><\/span><\/p><p><strong>Berkeley<\/strong>\u00a0\u2013 st\u0159edn\u011b pozdn\u00ed, velmi chutn\u00e1 a v\u00fdnosn\u00e1 \u00faroda s velk\u00fdmi plody. Roste pon\u011bkud nepravideln\u011b a m\u00e1 tendenci se v\u00edce rozkl\u00e1dat, co\u017e zaji\u0161\u0165uje dostatek prut\u016f pro n\u00e1sadu plod\u016f. Plod\u00ed spolehliv\u011bji ve st\u0159edn\u00edch a teplej\u0161\u00edch poloh\u00e1ch a v dobr\u00e9 p\u016fd\u011b.<\/p><p><strong>Brigitta<\/strong> (Brigitta Blue)\u00a0\u2013 pozdn\u00ed odr\u016fda tvo\u0159\u00edc\u00ed men\u0161\u00ed ke\u0159e do cca 1,3 m. Plody maj\u00ed st\u0159edn\u00ed velikost, jejich nespornou v\u00fdhodou je pozdn\u00ed zr\u00e1n\u00ed a dlouh\u00e1 skladovatelnost. Do pln\u00e9 sladkosti dozr\u00e1v\u00e1 v teplej\u0161\u00edch oblastech nebo po n\u011bjak\u00e9 dob\u011b chladn\u00e9ho skladov\u00e1n\u00ed. Nevhodn\u00e1 do nejchladn\u011bj\u0161\u00edch region\u016f (podh\u016f\u0159\u00ed a hory).<\/p><p><strong>Darrow<\/strong> \u2013 st\u0159edn\u011b pozdn\u00ed odr\u016fda tvo\u0159\u00edc\u00ed vy\u0161\u0161\u00ed, vzp\u0159\u00edmen\u00e9 ke\u0159e a\u017e do 2 m, velkoplod\u00e1, lahodn\u00e9, lehce sladkokysel\u00e9 chuti podobn\u00e9 lesn\u00edm bor\u016fvk\u00e1m. Plody jsou odoln\u00e9 prask\u00e1n\u00ed p\u0159i dlouhodob\u011b vlhk\u00e9m po\u010das\u00ed konce pr\u00e1zdnin. Pro velikost plod\u016f je dobr\u00e9 pravideln\u011b pro\u0159ez\u00e1vat.<\/p><p><strong>Elliot<\/strong><strong>\u00a0<\/strong>\u2013 velmi pozdn\u00ed odr\u016fda s hust\u00fdmi ke\u0159i, v\u00fd\u0161ka kolem 1,7m, plody st\u0159edn\u00ed velikosti nasl\u00e1dl\u00e9, \u00farodn\u00e1 odr\u016fda s velmi dobrou skladovatelnost\u00ed.<\/p><p><strong>Elisabeth <\/strong>\u2013 pozdn\u00ed odr\u016fda dozr\u00e1vaj\u00edc\u00ed srpen a\u017e z\u00e1\u0159\u00ed a vyzna\u010duje se dlouhou dobou sklizn\u011b. Ke\u0159e jsou vysok\u00e9 1,6 a\u017e 1,8 metru dle \u0159ezu a kvality podm\u00ednek. Plody jsou st\u0159edn\u011b velk\u00e9, modr\u00e9 se siln\u00fdm oj\u00edn\u011bn\u00edm. Pat\u0159\u00ed mezi velmi chutn\u00e9 odr\u016fdy. Odolnost v\u016f\u010di mrazu se uv\u00e1d\u00ed na -26 a\u017e -28 stup\u0148\u016f.<\/p><p><strong>Herma<\/strong> \u2013 Pozdn\u00ed odr\u016fda s\u00a0v\u00fd\u0161kou vzr\u016fstu 1,2 a\u017e 1,7 metru. Plody jsou st\u0159edn\u00ed velikosti a\u017e velk\u00e9, sladk\u00e9 chuti. Dozr\u00e1v\u00e1n\u00ed plod\u016f je od poloviny srpna a\u017e do konce z\u00e1\u0159\u00ed. Je velmi mrazuvzdorn\u00e1, uv\u00e1d\u00ed se teplota a\u017e do -38 stup\u0148\u016f.<\/p><p><strong>Herbert<\/strong> \u2013 pozdn\u00ed bor\u016fvka kter\u00e1 se vyzna\u010duje siln\u00fdm r\u016fstem a vysokou plodnost\u00ed. Plody jsou velmi velk\u00e9, \u0161\u0165avnat\u00e9, sladce navinul\u00e9 a velmi aromatick\u00e9. Dozr\u00e1vaj\u00ed v druh\u00e9 polovin\u011b srpna. Mnoh\u00fdmi jsou plody odr\u016fdy Herbert pova\u017eov\u00e1ny za nejchutn\u011bj\u0161\u00ed z kanadsk\u00fdch bor\u016fvek. Ke\u0159e dor\u016fstaj\u00ed a\u017e 1,6 m v\u00fd\u0161ky.\u00a0Mrazuvzdornost se uv\u00e1d\u00ed a\u017e do -24 \u00b0C<\/p><p><strong>Jersey<\/strong>\u00a0\u2013 sp\u00ed\u0161e pozdn\u00ed odr\u016fda tvo\u0159\u00edc\u00ed v\u011bt\u0161\u00ed ke\u0159e a\u017e do 2 m, spolehliv\u00e1 produktivita v prot\u00e1hl\u00fdch hroznech, ze kter\u00fdch se dob\u0159e ob\u00edr\u00e1. Nejv\u011bt\u0161\u00ed plody jsou v prvn\u00edm sb\u011bru, v dal\u0161\u00edch jsou men\u0161\u00ed ale st\u00e1le chu\u0165ov\u011b velmi lahodn\u00e9 a sladk\u00e9. Velmi odoln\u00e1 a vhodn\u00e1 i pro chladn\u011bj\u0161\u00ed regiony se zaru\u010den\u00fdm dozr\u00e1n\u00edm. Pro velikost plod\u016f je dobr\u00e9 pravideln\u011b pro\u0159ez\u00e1vat.<\/p><p><strong>Pink Lemonade\u00a0<\/strong>&#8211; st\u0159edn\u011b pozdn\u00ed odr\u016fda men\u0161\u00edho vzr\u016fstu, dosahuj\u00edc\u00ed v\u00fd\u0161ky 1 a\u017e 1,5 metru. Je typick\u00e1 a zvl\u00e1\u0161tn\u00ed sv\u00fdm zbarven\u00edm bor\u016fvek do r\u016f\u017eov\u00e9 barvy. Ale nenechte se zm\u00e1st, tato bor\u016fvka m\u00e1 skv\u011blou chu\u0165! Tento druh bor\u016fvky nen\u00ed tak mrazuvzdorn\u00fd jako jej\u00ed p\u0159\u00edbuzn\u00e9.\u00a0 Odoln\u00e1 je &#8222;pouze&#8220; do -23 stup\u0148\u016f. Ale mysl\u00edm, \u017ee na\u0161e podm\u00ednky hrav\u011b zvl\u00e1dne. I my ji m\u00e1me mezi bor\u016fvkami&#8230;<\/p><p><strong>Rubel<\/strong> \u2013 st\u0159edn\u011b pozdn\u00ed odr\u016fda, siln\u00fd vzr\u016fst a\u017e do v\u00fd\u0161ky 2,1 metru. Bor\u016fvka je velmi chutn\u00e1, velmi podobn\u00e1 divok\u00fdm bor\u016fvk\u00e1m. Plody jsou st\u0159edn\u011b velk\u00e9, bled\u011b modr\u00e9 bez typick\u00e9ho oj\u00edn\u011bn\u00ed.<\/p>\t\t\t\t\t<\/div>\n\t\t\t\t\t\t<\/div>\n\t\t\t\t<\/div>\n\t\t\t\t\t\t<\/div>\n\t\t\t\t\t<\/div>\n\t\t<\/div>\n\t\t\t\t\t\t\t\t<\/div>\n\t\t\t\t\t<\/div>\n\t\t<\/section>\n\t\t\t\t\t\t\t\t\t<\/div>\n\t\t\t<\/div>\n\t\t\t\t\t<\/div>\n\t\t","protected":false},"excerpt":{"rendered":"<p>Kde se bude bor\u016fvk\u00e1m l\u00edbit\u2026 Pro bor\u016fvky vyb\u00edrejte m\u00edsto slunn\u00e9, nebo jen s\u00a0m\u00edrn\u00fdm polost\u00ednem (v pr\u016fb\u011bhu dne). Bez dostatku slune\u010dn\u00edho z\u00e1\u0159en\u00ed bor\u016fvky m\u00e9n\u011b plod\u00ed a plody jsou tak\u00e9 m\u00e9n\u011b chutn\u00e9. Rostliny maj\u00ed tak\u00e9 r\u00e1dy vy\u0161\u0161\u00ed vlhkost vzduchu (proto se jim ve vy\u0161\u0161\u00edch poloh\u00e1ch l\u00e9pe da\u0159\u00ed) Bor\u016fvky lze p\u011bstovat a\u017e do v\u00fd\u0161ek cca 1000 metr\u016f nad&#8230;<\/p>\n","protected":false},"author":1,"featured_media":0,"parent":0,"menu_order":0,"comment_status":"closed","ping_status":"closed","template":"","meta":[],"_links":{"self":[{"href":"https:\/\/www.boruvkovyraj.cz\/index.php?rest_route=\/wp\/v2\/pages\/183"}],"collection":[{"href":"https:\/\/www.boruvkovyraj.cz\/index.php?rest_route=\/wp\/v2\/pages"}],"about":[{"href":"https:\/\/www.boruvkovyraj.cz\/index.php?rest_route=\/wp\/v2\/types\/page"}],"author":[{"embeddable":true,"href":"https:\/\/www.boruvkovyraj.cz\/index.php?rest_route=\/wp\/v2\/users\/1"}],"replies":[{"embeddable":true,"href":"https:\/\/www.boruvkovyraj.cz\/index.php?rest_route=%2Fwp%2Fv2%2Fcomments&post=183"}],"version-history":[{"count":31,"href":"https:\/\/www.boruvkovyraj.cz\/index.php?rest_route=\/wp\/v2\/pages\/183\/revisions"}],"predecessor-version":[{"id":894,"href":"https:\/\/www.boruvkovyraj.cz\/index.php?rest_route=\/wp\/v2\/pages\/183\/revisions\/894"}],"wp:attachment":[{"href":"https:\/\/www.boruvkovyraj.cz\/index.php?rest_route=%2Fwp%2Fv2%2Fmedia&parent=183"}],"curies":[{"name":"wp","href":"https:\/\/api.w.org\/{rel}","templated":true}]}}